{"id":1174,"date":"2024-03-18T12:50:29","date_gmt":"2024-03-18T11:50:29","guid":{"rendered":"https:\/\/coffee-time.fr\/boutique\/?post_type=product&#038;p=1174"},"modified":"2025-11-30T11:45:27","modified_gmt":"2025-11-30T10:45:27","slug":"les-coquelicots","status":"publish","type":"product","link":"https:\/\/coffee-time.fr\/boutique\/produit\/les-coquelicots\/","title":{"rendered":"Les coquelicots"},"content":{"rendered":"<p><strong>Un peu d&rsquo;histoire sur la cr\u00e9ation de cette illustration :\u00a0<\/strong><\/p>\n<p>Dans cette sc\u00e8ne, je voulais explorer le th\u00e8me des coquelicots, si cher \u00e0 Monet.<br \/>\nJ&rsquo;appr\u00e9cie les paysages d&rsquo;\u00e9t\u00e9, m\u00e9langer le bleu du ciel avec les nuages fort illumin\u00e9s, jouer avec la couleur des champs et de m&rsquo;inspirer des paysages P\u00e9rigourdins.<\/p>\n<p>Illustration r\u00e9alis\u00e9e en plusieurs live sur ma cha\u00eene <a href=\"https:\/\/www.twitch.tv\/coffeetime\">Twitch<\/a><\/p>\n<hr \/>\n<p>Impression r\u00e9alis\u00e9e sur CANVAS 350gr\/m\u00b2<\/p>\n","protected":false},"excerpt":{"rendered":"<p>Un peu d&rsquo;histoire sur la cr\u00e9ation de cette illustration :\u00a0 Dans cette sc\u00e8ne, je voulais explorer le th\u00e8me des coquelicots, si cher \u00e0 Monet. J&rsquo;appr\u00e9cie les paysages d&rsquo;\u00e9t\u00e9, m\u00e9langer le bleu du ciel avec les nuages fort illumin\u00e9s, jouer avec la couleur des champs et de m&rsquo;inspirer des paysages P\u00e9rigourdins. Illustration r\u00e9alis\u00e9e en plusieurs live [&hellip;]<\/p>\n","protected":false},"featured_media":1177,"comment_status":"open","ping_status":"closed","template":"","meta":[],"product_brand":[],"product_cat":[16,20,27],"product_tag":[],"class_list":{"0":"post-1174","1":"product","2":"type-product","3":"status-publish","4":"has-post-thumbnail","6":"product_cat-poster","7":"product_cat-impressionnisme-poster","8":"product_cat-fs","9":"product_shipping_class-gelato","11":"first","12":"outofstock","13":"taxable","14":"shipping-taxable","15":"purchasable","16":"product-type-variable"},"_links":{"self":[{"href":"https:\/\/coffee-time.fr\/boutique\/wp-json\/wp\/v2\/product\/1174","targetHints":{"allow":["GET"]}}],"collection":[{"href":"https:\/\/coffee-time.fr\/boutique\/wp-json\/wp\/v2\/product"}],"about":[{"href":"https:\/\/coffee-time.fr\/boutique\/wp-json\/wp\/v2\/types\/product"}],"replies":[{"embeddable":true,"href":"https:\/\/coffee-time.fr\/boutique\/wp-json\/wp\/v2\/comments?post=1174"}],"wp:featuredmedia":[{"embeddable":true,"href":"https:\/\/coffee-time.fr\/boutique\/wp-json\/wp\/v2\/media\/1177"}],"wp:attachment":[{"href":"https:\/\/coffee-time.fr\/boutique\/wp-json\/wp\/v2\/media?parent=1174"}],"wp:term":[{"taxonomy":"product_brand","embeddable":true,"href":"https:\/\/coffee-time.fr\/boutique\/wp-json\/wp\/v2\/product_brand?post=1174"},{"taxonomy":"product_cat","embeddable":true,"href":"https:\/\/coffee-time.fr\/boutique\/wp-json\/wp\/v2\/product_cat?post=1174"},{"taxonomy":"product_tag","embeddable":true,"href":"https:\/\/coffee-time.fr\/boutique\/wp-json\/wp\/v2\/product_tag?post=1174"}],"curies":[{"name":"wp","href":"https:\/\/api.w.org\/{rel}","templated":true}]}}