{"id":1309,"date":"2024-10-29T17:40:43","date_gmt":"2024-10-29T16:40:43","guid":{"rendered":"https:\/\/coffee-time.fr\/boutique\/?post_type=product&#038;p=1309"},"modified":"2025-11-30T14:18:41","modified_gmt":"2025-11-30T13:18:41","slug":"waximus-le-golem-de-cire","status":"publish","type":"product","link":"https:\/\/coffee-time.fr\/boutique\/produit\/waximus-le-golem-de-cire\/","title":{"rendered":"Waximus, le golem de cire"},"content":{"rendered":"<p>Illustration r\u00e9alis\u00e9e en plusieurs live sur ma cha\u00eene <a href=\"https:\/\/www.twitch.tv\/coffeetime\">Twitch<\/a><\/p>\n<hr \/>\n<p>Ah les kobolds, ce peuple avec une bougie sur la t\u00eate&#8230; Eh bah ils ont leur dieu, ce golem bougie :D.<br \/>\nJe continue mes d\u00e9couvertes , j&rsquo;arpente les nouvelles zones et je me transforme en paparazzi&#8230; je screen je screen \u00e0 tout va.<br \/>\nC&rsquo;est bien simple, j&rsquo;en ai pas fini de faire des illustrations tradigital de cette nouvelle extension de World of warcraft.<br \/>\n&#8211;<br \/>\n\u27a1\ufe0f Le format : 60x40cm 300dpi<br \/>\n\u27a1\ufe0f Logiciel : Krita \/ ma main<\/p>\n<p>Impression r\u00e9alis\u00e9e sur CANVAS 350gr\/m\u00b2<\/p>\n","protected":false},"excerpt":{"rendered":"<p>Illustration r\u00e9alis\u00e9e en plusieurs live sur ma cha\u00eene Twitch Ah les kobolds, ce peuple avec une bougie sur la t\u00eate&#8230; Eh bah ils ont leur dieu, ce golem bougie :D. Je continue mes d\u00e9couvertes , j&rsquo;arpente les nouvelles zones et je me transforme en paparazzi&#8230; je screen je screen \u00e0 tout va. C&rsquo;est bien simple, [&hellip;]<\/p>\n","protected":false},"featured_media":1312,"comment_status":"open","ping_status":"closed","template":"","meta":[],"product_brand":[],"product_cat":[16,20,29,27],"product_tag":[],"class_list":{"0":"post-1309","1":"product","2":"type-product","3":"status-publish","4":"has-post-thumbnail","6":"product_cat-poster","7":"product_cat-impressionnisme-poster","8":"product_cat-jeux-video","9":"product_cat-fs","10":"product_shipping_class-gelato","12":"first","13":"outofstock","14":"taxable","15":"shipping-taxable","16":"purchasable","17":"product-type-variable"},"_links":{"self":[{"href":"https:\/\/coffee-time.fr\/boutique\/wp-json\/wp\/v2\/product\/1309","targetHints":{"allow":["GET"]}}],"collection":[{"href":"https:\/\/coffee-time.fr\/boutique\/wp-json\/wp\/v2\/product"}],"about":[{"href":"https:\/\/coffee-time.fr\/boutique\/wp-json\/wp\/v2\/types\/product"}],"replies":[{"embeddable":true,"href":"https:\/\/coffee-time.fr\/boutique\/wp-json\/wp\/v2\/comments?post=1309"}],"wp:featuredmedia":[{"embeddable":true,"href":"https:\/\/coffee-time.fr\/boutique\/wp-json\/wp\/v2\/media\/1312"}],"wp:attachment":[{"href":"https:\/\/coffee-time.fr\/boutique\/wp-json\/wp\/v2\/media?parent=1309"}],"wp:term":[{"taxonomy":"product_brand","embeddable":true,"href":"https:\/\/coffee-time.fr\/boutique\/wp-json\/wp\/v2\/product_brand?post=1309"},{"taxonomy":"product_cat","embeddable":true,"href":"https:\/\/coffee-time.fr\/boutique\/wp-json\/wp\/v2\/product_cat?post=1309"},{"taxonomy":"product_tag","embeddable":true,"href":"https:\/\/coffee-time.fr\/boutique\/wp-json\/wp\/v2\/product_tag?post=1309"}],"curies":[{"name":"wp","href":"https:\/\/api.w.org\/{rel}","templated":true}]}}