{"id":1420,"date":"2025-06-26T10:23:30","date_gmt":"2025-06-26T08:23:30","guid":{"rendered":"https:\/\/coffee-time.fr\/boutique\/?post_type=product&#038;p=1420"},"modified":"2025-11-30T17:21:38","modified_gmt":"2025-11-30T16:21:38","slug":"vue-sur-le-mont-olympe","status":"publish","type":"product","link":"https:\/\/coffee-time.fr\/boutique\/produit\/vue-sur-le-mont-olympe\/","title":{"rendered":"vue sur le mont Olympe"},"content":{"rendered":"<p>Illustration r\u00e9alis\u00e9e en plusieurs live sur ma cha\u00eene <a href=\"https:\/\/www.twitch.tv\/coffeetime\">Twitch<\/a><\/p>\n<hr \/>\n<p>Je voulais tester d&rsquo;illustrer un paysage urbain sf assez dense dans cette illustration.<br \/>\nPas mal d&rsquo;avenues, de boulevards, des rues, de la lumi\u00e8re vive, des couleurs fortes.<br \/>\n&#8211;<br \/>\nL&rsquo;id\u00e9e du mont Olympe \u00e9tait de le place au dela de la ligne d&rsquo;horizon, vu son gigantisme. ( il fait 22km de haut &#8230; )<br \/>\n&#8211;<br \/>\nCette illustration \u00e9tait un test j&rsquo;ai bien aimer m\u00e9langer l&rsquo;impressionnisme et l&rsquo;urbanisme Sf, \u00e7a m&rsquo;a beaucoup aid\u00e9 et j&rsquo;ai appris pas mal \u00e0 r\u00e9aliser ce tradigital.<\/p>\n<p>&nbsp;<\/p>\n<p>Impression r\u00e9alis\u00e9e sur CANVAS 350gr\/m\u00b2<\/p>\n","protected":false},"excerpt":{"rendered":"<p>Illustration r\u00e9alis\u00e9e en plusieurs live sur ma cha\u00eene Twitch Je voulais tester d&rsquo;illustrer un paysage urbain sf assez dense dans cette illustration. Pas mal d&rsquo;avenues, de boulevards, des rues, de la lumi\u00e8re vive, des couleurs fortes. &#8211; L&rsquo;id\u00e9e du mont Olympe \u00e9tait de le place au dela de la ligne d&rsquo;horizon, vu son gigantisme. ( [&hellip;]<\/p>\n","protected":false},"featured_media":1423,"comment_status":"open","ping_status":"closed","template":"","meta":[],"product_brand":[],"product_cat":[16,20,27],"product_tag":[],"class_list":{"0":"post-1420","1":"product","2":"type-product","3":"status-publish","4":"has-post-thumbnail","6":"product_cat-poster","7":"product_cat-impressionnisme-poster","8":"product_cat-fs","9":"product_shipping_class-gelato","11":"first","12":"instock","13":"taxable","14":"shipping-taxable","15":"purchasable","16":"product-type-variable"},"_links":{"self":[{"href":"https:\/\/coffee-time.fr\/boutique\/wp-json\/wp\/v2\/product\/1420","targetHints":{"allow":["GET"]}}],"collection":[{"href":"https:\/\/coffee-time.fr\/boutique\/wp-json\/wp\/v2\/product"}],"about":[{"href":"https:\/\/coffee-time.fr\/boutique\/wp-json\/wp\/v2\/types\/product"}],"replies":[{"embeddable":true,"href":"https:\/\/coffee-time.fr\/boutique\/wp-json\/wp\/v2\/comments?post=1420"}],"wp:featuredmedia":[{"embeddable":true,"href":"https:\/\/coffee-time.fr\/boutique\/wp-json\/wp\/v2\/media\/1423"}],"wp:attachment":[{"href":"https:\/\/coffee-time.fr\/boutique\/wp-json\/wp\/v2\/media?parent=1420"}],"wp:term":[{"taxonomy":"product_brand","embeddable":true,"href":"https:\/\/coffee-time.fr\/boutique\/wp-json\/wp\/v2\/product_brand?post=1420"},{"taxonomy":"product_cat","embeddable":true,"href":"https:\/\/coffee-time.fr\/boutique\/wp-json\/wp\/v2\/product_cat?post=1420"},{"taxonomy":"product_tag","embeddable":true,"href":"https:\/\/coffee-time.fr\/boutique\/wp-json\/wp\/v2\/product_tag?post=1420"}],"curies":[{"name":"wp","href":"https:\/\/api.w.org\/{rel}","templated":true}]}}

<p>Illustration réalisée en plusieurs live sur ma chaîne <a href="https://www.twitch.tv/coffeetime">Twitch</a></p>
<hr />
<p>Je voulais tester d&rsquo;illustrer un paysage urbain sf assez dense dans cette illustration.<br />
Pas mal d&rsquo;avenues, de boulevards, des rues, de la lumière vive, des couleurs fortes.<br />
&#8211;<br />
L&rsquo;idée du mont Olympe était de le place au dela de la ligne d&rsquo;horizon, vu son gigantisme. ( il fait 22km de haut &#8230; )<br />
&#8211;<br />
Cette illustration était un test j&rsquo;ai bien aimer mélanger l&rsquo;impressionnisme et l&rsquo;urbanisme Sf, ça m&rsquo;a beaucoup aidé et j&rsquo;ai appris pas mal à réaliser ce tradigital.</p>
<p>&nbsp;</p>
<p>Impression réalisée sur CANVAS 350gr/m²</p>

<p>Illustration réalisée en plusieurs live sur ma chaîne Twitch Je voulais tester d&rsquo;illustrer un paysage urbain sf assez dense dans cette illustration. Pas mal d&rsquo;avenues, de boulevards, des rues, de la lumière vive, des couleurs fortes. &#8211; L&rsquo;idée du mont Olympe était de le place au dela de la ligne d&rsquo;horizon, vu son gigantisme. ( [&hellip;]</p>
