{"id":1437,"date":"2025-06-26T10:35:01","date_gmt":"2025-06-26T08:35:01","guid":{"rendered":"https:\/\/coffee-time.fr\/boutique\/?post_type=product&#038;p=1437"},"modified":"2025-11-30T13:57:54","modified_gmt":"2025-11-30T12:57:54","slug":"retour-dans-les-montagnes","status":"publish","type":"product","link":"https:\/\/coffee-time.fr\/boutique\/produit\/retour-dans-les-montagnes\/","title":{"rendered":"Retour dans les montagnes"},"content":{"rendered":"<p>Illustration r\u00e9alis\u00e9e en plusieurs live sur ma cha\u00eene <a href=\"https:\/\/www.twitch.tv\/coffeetime\">Twitch<\/a><\/p>\n<hr \/>\n<p>Retour dans les montagnes, inspiration Tolkien<br \/>\nEn voici un paysage que j&rsquo;ai appr\u00e9ci\u00e9 dessiner. Il a une bonne vibe Tolkien et j&rsquo;en ai largement profit\u00e9. Voila donc des nains qui rentrent chez eux, dans leurs mines.<br \/>\nUn paysage de fin de soir\u00e9e , des couleurs d&rsquo;automne, des jeux de lumi\u00e8res, je voulais explorer d&rsquo;avantages les contrastes.<\/p>\n<p><strong>VOIR PLUS DE D\u00c9TAILS DANS LA PUBLICATION <a href=\"https:\/\/www.instagram.com\/p\/DDHzQlnq9dS\/?img_index=1\">INSTAGRAM<\/a><\/strong><\/p>\n<p>&nbsp;<\/p>\n<p>&nbsp;<\/p>\n<p>Impression r\u00e9alis\u00e9e sur CANVAS 350gr\/m\u00b2<\/p>\n","protected":false},"excerpt":{"rendered":"<p>Illustration r\u00e9alis\u00e9e en plusieurs live sur ma cha\u00eene Twitch Retour dans les montagnes, inspiration Tolkien En voici un paysage que j&rsquo;ai appr\u00e9ci\u00e9 dessiner. Il a une bonne vibe Tolkien et j&rsquo;en ai largement profit\u00e9. Voila donc des nains qui rentrent chez eux, dans leurs mines. Un paysage de fin de soir\u00e9e , des couleurs d&rsquo;automne, [&hellip;]<\/p>\n","protected":false},"featured_media":1431,"comment_status":"open","ping_status":"closed","template":"","meta":[],"product_brand":[],"product_cat":[16,20,27,35],"product_tag":[],"class_list":{"0":"post-1437","1":"product","2":"type-product","3":"status-publish","4":"has-post-thumbnail","6":"product_cat-poster","7":"product_cat-impressionnisme-poster","8":"product_cat-fs","9":"product_cat-tolkien-fantasy","10":"product_shipping_class-gelato","12":"first","13":"instock","14":"taxable","15":"shipping-taxable","16":"purchasable","17":"product-type-variable"},"_links":{"self":[{"href":"https:\/\/coffee-time.fr\/boutique\/wp-json\/wp\/v2\/product\/1437","targetHints":{"allow":["GET"]}}],"collection":[{"href":"https:\/\/coffee-time.fr\/boutique\/wp-json\/wp\/v2\/product"}],"about":[{"href":"https:\/\/coffee-time.fr\/boutique\/wp-json\/wp\/v2\/types\/product"}],"replies":[{"embeddable":true,"href":"https:\/\/coffee-time.fr\/boutique\/wp-json\/wp\/v2\/comments?post=1437"}],"wp:featuredmedia":[{"embeddable":true,"href":"https:\/\/coffee-time.fr\/boutique\/wp-json\/wp\/v2\/media\/1431"}],"wp:attachment":[{"href":"https:\/\/coffee-time.fr\/boutique\/wp-json\/wp\/v2\/media?parent=1437"}],"wp:term":[{"taxonomy":"product_brand","embeddable":true,"href":"https:\/\/coffee-time.fr\/boutique\/wp-json\/wp\/v2\/product_brand?post=1437"},{"taxonomy":"product_cat","embeddable":true,"href":"https:\/\/coffee-time.fr\/boutique\/wp-json\/wp\/v2\/product_cat?post=1437"},{"taxonomy":"product_tag","embeddable":true,"href":"https:\/\/coffee-time.fr\/boutique\/wp-json\/wp\/v2\/product_tag?post=1437"}],"curies":[{"name":"wp","href":"https:\/\/api.w.org\/{rel}","templated":true}]}}