{"id":1457,"date":"2025-06-26T10:45:28","date_gmt":"2025-06-26T08:45:28","guid":{"rendered":"https:\/\/coffee-time.fr\/boutique\/?post_type=product&#038;p=1457"},"modified":"2025-11-30T17:21:50","modified_gmt":"2025-11-30T16:21:50","slug":"cite-perdue-wat2025","status":"publish","type":"product","link":"https:\/\/coffee-time.fr\/boutique\/produit\/cite-perdue-wat2025\/","title":{"rendered":"Cit\u00e9 perdue &#8211; WAT2025"},"content":{"rendered":"<p>Illustration r\u00e9alis\u00e9e en plusieurs live sur ma cha\u00eene <a href=\"https:\/\/www.twitch.tv\/coffeetime\">Twitch<\/a><\/p>\n<hr \/>\n<p>Cit\u00e9 oubli\u00e9e, perch\u00e9e \u00e0 flanc de montagne, elle fut autrefois le foyer d&rsquo;une civilisation mystique, fi\u00e8re et respectant des principes qui la transformeront en une grande civilisation.<br \/>\n&#8211;<br \/>\nL&rsquo;art de la guerre, l&rsquo;\u00e9rudition, le civisme et la justice, cette civilisation avait tout pour persister.<br \/>\n&#8211;<br \/>\nMais d\u00e9sormais, seuls les murs et ce gardien de pierre t\u00e9moignent de leur passage, laissant la nature reprendre doucement ses droits.<br \/>\n&#8211;<br \/>\nAujourd&rsquo;hui seuls quelques explorateurs peuvent admirer et tenter de comprendre qui ils \u00e9taient, sans toutefois percer le myst\u00e8re de leur disparition.<\/p>\n<p>&nbsp;<\/p>\n<p><strong>VOIR PLUS DE D\u00c9TAILS DANS LA PUBLICATION <a href=\"https:\/\/www.instagram.com\/p\/DJzEfXBMTJg\/?img_index=1\" target=\"_blank\" rel=\"noopener\">INSTAGRAM<\/a><\/strong><\/p>\n<p>&nbsp;<\/p>\n<p>&nbsp;<\/p>\n<p>Impression r\u00e9alis\u00e9e sur CANVAS 350gr\/m\u00b2<\/p>\n","protected":false},"excerpt":{"rendered":"<p>Illustration r\u00e9alis\u00e9e en plusieurs live sur ma cha\u00eene Twitch Cit\u00e9 oubli\u00e9e, perch\u00e9e \u00e0 flanc de montagne, elle fut autrefois le foyer d&rsquo;une civilisation mystique, fi\u00e8re et respectant des principes qui la transformeront en une grande civilisation. &#8211; L&rsquo;art de la guerre, l&rsquo;\u00e9rudition, le civisme et la justice, cette civilisation avait tout pour persister. &#8211; Mais [&hellip;]<\/p>\n","protected":false},"featured_media":1460,"comment_status":"open","ping_status":"closed","template":"","meta":[],"product_brand":[],"product_cat":[16,20,27],"product_tag":[],"class_list":{"0":"post-1457","1":"product","2":"type-product","3":"status-publish","4":"has-post-thumbnail","6":"product_cat-poster","7":"product_cat-impressionnisme-poster","8":"product_cat-fs","9":"product_shipping_class-gelato","11":"first","12":"instock","13":"taxable","14":"shipping-taxable","15":"purchasable","16":"product-type-variable"},"_links":{"self":[{"href":"https:\/\/coffee-time.fr\/boutique\/wp-json\/wp\/v2\/product\/1457","targetHints":{"allow":["GET"]}}],"collection":[{"href":"https:\/\/coffee-time.fr\/boutique\/wp-json\/wp\/v2\/product"}],"about":[{"href":"https:\/\/coffee-time.fr\/boutique\/wp-json\/wp\/v2\/types\/product"}],"replies":[{"embeddable":true,"href":"https:\/\/coffee-time.fr\/boutique\/wp-json\/wp\/v2\/comments?post=1457"}],"wp:featuredmedia":[{"embeddable":true,"href":"https:\/\/coffee-time.fr\/boutique\/wp-json\/wp\/v2\/media\/1460"}],"wp:attachment":[{"href":"https:\/\/coffee-time.fr\/boutique\/wp-json\/wp\/v2\/media?parent=1457"}],"wp:term":[{"taxonomy":"product_brand","embeddable":true,"href":"https:\/\/coffee-time.fr\/boutique\/wp-json\/wp\/v2\/product_brand?post=1457"},{"taxonomy":"product_cat","embeddable":true,"href":"https:\/\/coffee-time.fr\/boutique\/wp-json\/wp\/v2\/product_cat?post=1457"},{"taxonomy":"product_tag","embeddable":true,"href":"https:\/\/coffee-time.fr\/boutique\/wp-json\/wp\/v2\/product_tag?post=1457"}],"curies":[{"name":"wp","href":"https:\/\/api.w.org\/{rel}","templated":true}]}}