{"id":1582,"date":"2025-10-21T15:53:33","date_gmt":"2025-10-21T13:53:33","guid":{"rendered":"https:\/\/coffee-time.fr\/boutique\/?post_type=product&#038;p=1582"},"modified":"2025-11-30T14:16:01","modified_gmt":"2025-11-30T13:16:01","slug":"debut-dune-nuit-voilee","status":"publish","type":"product","link":"https:\/\/coffee-time.fr\/boutique\/produit\/debut-dune-nuit-voilee\/","title":{"rendered":"D\u00e9but d&rsquo;une nuit voil\u00e9e"},"content":{"rendered":"<p>Illustration r\u00e9alis\u00e9e en plusieurs live sur ma cha\u00eene <a href=\"https:\/\/www.twitch.tv\/coffeetime\">Twitch<\/a><\/p>\n<hr \/>\n<p>Macragge, d\u00e9but d&rsquo;une nuit voil\u00e9e.<\/p>\n<p>Afin de repr\u00e9senter l&rsquo;invasion Tyranide sur Macragge, je me suis tourn\u00e9 vers le tableau nuit \u00e9toil\u00e9e de Van Gogh.<br \/>\nJe me suis donc inspir\u00e9 des couleurs et de la spirale afin de montrer l&rsquo;arriv\u00e9e de la flotte ruche Tyranide.<br \/>\nC&rsquo;est toujours un plaisir de marier l&rsquo;impressionnisme, ces touches de couleurs, cet effet fini pas fini avec le monde de warhammer \/ 40k.<br \/>\n&#8211;<\/p>\n<p>Format 68x48cm logiciel : Krita<\/p>\n<p>&#8211;<\/p>\n<p><strong>VOIR PLUS DE D\u00c9TAILS DANS LA PUBLICATION <a href=\"https:\/\/www.instagram.com\/p\/DP3S0K0jNZS\/?img_index=1\" target=\"_blank\" rel=\"noopener\">INSTAGRAM<\/a><\/strong><\/p>\n<p>Impression r\u00e9alis\u00e9e sur CANVAS 350gr\/m\u00b2<\/p>\n","protected":false},"excerpt":{"rendered":"<p>Illustration r\u00e9alis\u00e9e en plusieurs live sur ma cha\u00eene Twitch Macragge, d\u00e9but d&rsquo;une nuit voil\u00e9e. Afin de repr\u00e9senter l&rsquo;invasion Tyranide sur Macragge, je me suis tourn\u00e9 vers le tableau nuit \u00e9toil\u00e9e de Van Gogh. Je me suis donc inspir\u00e9 des couleurs et de la spirale afin de montrer l&rsquo;arriv\u00e9e de la flotte ruche Tyranide. C&rsquo;est toujours [&hellip;]<\/p>\n","protected":false},"featured_media":1586,"comment_status":"open","ping_status":"closed","template":"","meta":[],"product_brand":[],"product_cat":[16,20,29],"product_tag":[],"class_list":{"0":"post-1582","1":"product","2":"type-product","3":"status-publish","4":"has-post-thumbnail","6":"product_cat-poster","7":"product_cat-impressionnisme-poster","8":"product_cat-jeux-video","9":"product_shipping_class-gelato","11":"first","12":"instock","13":"taxable","14":"shipping-taxable","15":"purchasable","16":"product-type-variable"},"_links":{"self":[{"href":"https:\/\/coffee-time.fr\/boutique\/wp-json\/wp\/v2\/product\/1582","targetHints":{"allow":["GET"]}}],"collection":[{"href":"https:\/\/coffee-time.fr\/boutique\/wp-json\/wp\/v2\/product"}],"about":[{"href":"https:\/\/coffee-time.fr\/boutique\/wp-json\/wp\/v2\/types\/product"}],"replies":[{"embeddable":true,"href":"https:\/\/coffee-time.fr\/boutique\/wp-json\/wp\/v2\/comments?post=1582"}],"wp:featuredmedia":[{"embeddable":true,"href":"https:\/\/coffee-time.fr\/boutique\/wp-json\/wp\/v2\/media\/1586"}],"wp:attachment":[{"href":"https:\/\/coffee-time.fr\/boutique\/wp-json\/wp\/v2\/media?parent=1582"}],"wp:term":[{"taxonomy":"product_brand","embeddable":true,"href":"https:\/\/coffee-time.fr\/boutique\/wp-json\/wp\/v2\/product_brand?post=1582"},{"taxonomy":"product_cat","embeddable":true,"href":"https:\/\/coffee-time.fr\/boutique\/wp-json\/wp\/v2\/product_cat?post=1582"},{"taxonomy":"product_tag","embeddable":true,"href":"https:\/\/coffee-time.fr\/boutique\/wp-json\/wp\/v2\/product_tag?post=1582"}],"curies":[{"name":"wp","href":"https:\/\/api.w.org\/{rel}","templated":true}]}}